{"id":94,"date":"2023-04-05T14:48:27","date_gmt":"2023-04-05T14:48:27","guid":{"rendered":"https:\/\/grupocoba.com.ar\/?page_id=94"},"modified":"2023-04-27T14:56:40","modified_gmt":"2023-04-27T14:56:40","slug":"nosotros","status":"publish","type":"page","link":"https:\/\/grupocoba.com.ar\/index.php\/nosotros\/","title":{"rendered":"Nosotros"},"content":{"rendered":"<p>[et_pb_section fb_built=\u00bb1&#8243; admin_label=\u00bbsection\u00bb _builder_version=\u00bb4.20.4&#8243; background_color=\u00bbrgba(0,0,0,0.48)\u00bb background_image=\u00bbhttps:\/\/grupocoba.com.ar\/wp-content\/uploads\/2023\/04\/Diseno-sin-titulo-10.jpg\u00bb background_position=\u00bbbottom_center\u00bb background_vertical_offset=\u00bb56%\u00bb background_blend=\u00bbmultiply\u00bb min_height=\u00bb237px\u00bb height=\u00bb237px\u00bb bottom_divider_height=\u00bb82px\u00bb hover_enabled=\u00bb0&#8243; border_width_bottom=\u00bb7px\u00bb border_color_bottom=\u00bb#00a95f\u00bb box_shadow_style=\u00bbpreset1&#8243; global_colors_info=\u00bb{}\u00bb sticky_enabled=\u00bb0&#8243;][et_pb_row column_structure=\u00bb1_2,1_2&#8243; admin_label=\u00bbrow\u00bb _builder_version=\u00bb4.20.2&#8243; background_size=\u00bbinitial\u00bb background_position=\u00bbtop_left\u00bb background_repeat=\u00bbrepeat\u00bb custom_margin=\u00bb-50px||||false|false\u00bb global_colors_info=\u00bb{}\u00bb][et_pb_column type=\u00bb1_2&#8243; _builder_version=\u00bb4.16&#8243; custom_padding=\u00bb|||\u00bb global_colors_info=\u00bb{}\u00bb custom_padding__hover=\u00bb|||\u00bb][et_pb_image src=\u00bbhttps:\/\/grupocoba.com.ar\/wp-content\/uploads\/2023\/04\/Coba-BLANCO.png\u00bb title_text=\u00bbCoba-BLANCO\u00bb align=\u00bbright\u00bb _builder_version=\u00bb4.20.2&#8243; _module_preset=\u00bbdefault\u00bb width_tablet=\u00bb\u00bb width_phone=\u00bb46%\u00bb width_last_edited=\u00bbon|phone\u00bb max_width_tablet=\u00bb\u00bb max_width_phone=\u00bb46%\u00bb max_width_last_edited=\u00bbon|phone\u00bb min_height=\u00bb116px\u00bb min_height_tablet=\u00bb116px\u00bb min_height_phone=\u00bb100px\u00bb min_height_last_edited=\u00bbon|phone\u00bb height=\u00bb122px\u00bb height_tablet=\u00bb122px\u00bb height_phone=\u00bb107px\u00bb height_last_edited=\u00bbon|phone\u00bb max_height_tablet=\u00bb\u00bb max_height_phone=\u00bb100px\u00bb max_height_last_edited=\u00bbon|phone\u00bb custom_margin=\u00bb14px||||false|false\u00bb global_colors_info=\u00bb{}\u00bb][\/et_pb_image][\/et_pb_column][et_pb_column type=\u00bb1_2&#8243; _builder_version=\u00bb4.16&#8243; custom_padding=\u00bb|||\u00bb global_colors_info=\u00bb{}\u00bb custom_padding__hover=\u00bb|||\u00bb][et_pb_text _builder_version=\u00bb4.20.2&#8243; _module_preset=\u00bbdefault\u00bb text_font=\u00bbMontserrat|800|||||||\u00bb text_text_color=\u00bb#FFFFFF\u00bb text_font_size=\u00bb50px\u00bb text_line_height=\u00bb1em\u00bb custom_margin=\u00bb59px||||false|false\u00bb custom_margin_tablet=\u00bb59px||||false|false\u00bb custom_margin_phone=\u00bb-40px||||false|false\u00bb custom_margin_last_edited=\u00bbon|phone\u00bb text_font_size_tablet=\u00bb50px\u00bb text_font_size_phone=\u00bb35px\u00bb text_font_size_last_edited=\u00bbon|phone\u00bb global_colors_info=\u00bb{}\u00bb]<\/p>\n<p><span style=\"color: #00a95f;\"><img loading=\"lazy\" decoding=\"async\" src=\"https:\/\/grupocoba.com.ar\/wp-content\/uploads\/2023\/04\/icono-coba-300x242.png\" width=\"57\" height=\"46\" alt=\"\" class=\"wp-image-254 alignnone size-medium\" style=\"color: #333333;\" srcset=\"https:\/\/grupocoba.com.ar\/wp-content\/uploads\/2023\/04\/icono-coba-300x242.png 300w, https:\/\/grupocoba.com.ar\/wp-content\/uploads\/2023\/04\/icono-coba.png 316w\" sizes=\"(max-width: 57px) 100vw, 57px\" \/>C<\/span><span style=\"color: #00a95f;\">OBA<\/span> energ\u00eda<\/p>\n<p>[\/et_pb_text][\/et_pb_column][\/et_pb_row][\/et_pb_section][et_pb_section fb_built=\u00bb1&#8243; custom_padding_last_edited=\u00bbon|phone\u00bb _builder_version=\u00bb4.20.2&#8243; _module_preset=\u00bbdefault\u00bb background_enable_color=\u00bboff\u00bb min_height=\u00bb593px\u00bb height=\u00bb575px\u00bb overflow-x=\u00bbhidden\u00bb overflow-y=\u00bbhidden\u00bb custom_margin=\u00bb0px||0px||false|false\u00bb custom_padding=\u00bb30px||115px||false|false\u00bb custom_padding_tablet=\u00bb60px||125px||false|false\u00bb custom_padding_phone=\u00bb0px||||false|false\u00bb global_colors_info=\u00bb{}\u00bb][et_pb_row column_structure=\u00bb3_5,2_5&#8243; use_custom_gutter=\u00bbon\u00bb gutter_width=\u00bb2&#8243; make_equal=\u00bbon\u00bb _builder_version=\u00bb4.20.2&#8243; _module_preset=\u00bbdefault\u00bb width=\u00bb90%\u00bb max_width=\u00bb1170px\u00bb custom_margin=\u00bb39px||0px||false|false\u00bb custom_padding=\u00bb0px||0px||false|false\u00bb global_colors_info=\u00bb{}\u00bb][et_pb_column type=\u00bb3_5&#8243; _builder_version=\u00bb4.16.0&#8243; _module_preset=\u00bbdefault\u00bb custom_padding=\u00bb0px||||false|false\u00bb custom_padding_tablet=\u00bb|||0px|false|false\u00bb custom_padding_phone=\u00bb|||0px|false|false\u00bb custom_padding_last_edited=\u00bbon|tablet\u00bb animation_style=\u00bbslide\u00bb animation_direction=\u00bbleft\u00bb animation_duration=\u00bb650ms\u00bb animation_delay=\u00bb500ms\u00bb animation_speed_curve=\u00bbease\u00bb global_colors_info=\u00bb{}\u00bb][et_pb_text quote_border_weight=\u00bb3px\u00bb quote_border_color=\u00bb#6a961f\u00bb _builder_version=\u00bb4.20.2&#8243; _module_preset=\u00bbdefault\u00bb header_5_font=\u00bbLexend Deca|700|||||||\u00bb header_5_text_align=\u00bbleft\u00bb header_5_text_color=\u00bb#6a961f\u00bb header_5_font_size=\u00bb20px\u00bb custom_margin=\u00bb-17px||15px||false|false\u00bb custom_padding=\u00bb||0px||false|false\u00bb border_color_left=\u00bb#6a961f\u00bb global_colors_info=\u00bb{}\u00bb]<\/p>\n<blockquote>\n<h5><span>Nacidos\u00a0 de una idea\u00a0<\/span><\/h5>\n<\/blockquote>\n<p>[\/et_pb_text][et_pb_text _builder_version=\u00bb4.20.2&#8243; _module_preset=\u00bbdefault\u00bb header_2_font=\u00bbMontserrat|700|||||||\u00bb header_2_text_align=\u00bbleft\u00bb header_2_text_color=\u00bb#0d3c00&#8243; header_2_font_size=\u00bb46px\u00bb custom_margin=\u00bb-10px||35px||false|false\u00bb custom_padding=\u00bb0px||0px||false|false\u00bb header_2_font_size_tablet=\u00bb50px\u00bb header_2_font_size_phone=\u00bb38px\u00bb header_2_font_size_last_edited=\u00bbon|phone\u00bb global_colors_info=\u00bb{}\u00bb]<\/p>\n<h2>Productos \u00fanicos en el mundo<\/h2>\n<p>[\/et_pb_text][et_pb_text _builder_version=\u00bb4.20.2&#8243; _module_preset=\u00bbdefault\u00bb text_font=\u00bbMontserrat||||||||\u00bb text_text_color=\u00bb#777777&#8243; text_font_size=\u00bb17px\u00bb text_orientation=\u00bbjustified\u00bb custom_margin=\u00bb-15px||30px||false|false\u00bb custom_padding=\u00bb0px||0px||false|false\u00bb global_colors_info=\u00bb{}\u00bb]<\/p>\n<p><span><strong>Coba energ\u00eda<\/strong> nace en el a\u00f1o 2020, mientras transitabamos la pandem\u00eda del Coronavirus. Alli desde Villa Mar\u00eda, con la experiencia en el mundo de la ganader\u00eda,\u00a0 comenzamos a pensar c\u00f3mo<strong> innovar<\/strong> en la <strong>alimentaci\u00f3n para los animales<\/strong>. Con este deseo y muchas ideas se di\u00f3 paso a la creaci\u00f3n del <strong>primer aditivo nutricional en base a Glicerol, \u00fa<\/strong><strong>nico producto en su g\u00e9nero en el mundo . <\/strong>\u00c9ste es un desecho producido por el biodisel que ofrece entre sus nutrientes <strong>m\u00e1s del doble de energ\u00eda que el ma\u00edz<\/strong>. Tomamos el desaf\u00edo de investigar e innovar en un mercado creciente y con grandes\u00a0 exigencias.\u00a0<\/span><\/p>\n<p>[\/et_pb_text][\/et_pb_column][et_pb_column type=\u00bb2_5&#8243; _builder_version=\u00bb4.16.0&#8243; _module_preset=\u00bbdefault\u00bb animation_style=\u00bbslide\u00bb animation_direction=\u00bbright\u00bb animation_duration=\u00bb650ms\u00bb animation_delay=\u00bb750ms\u00bb animation_speed_curve=\u00bbease\u00bb global_colors_info=\u00bb{}\u00bb][et_pb_image src=\u00bbhttps:\/\/grupocoba.com.ar\/wp-content\/uploads\/2023\/04\/1-er-aditivoaditivo-nutricional-en-base-a-Glicerol.png\u00bb title_text=\u00bb1 er aditivoaditivo nutricional en base a Glicerol\u00bb align=\u00bbcenter\u00bb _builder_version=\u00bb4.20.2&#8243; _module_preset=\u00bbdefault\u00bb custom_margin=\u00bb0px||0px||false|false\u00bb custom_padding=\u00bb0px||0px||false|false\u00bb global_colors_info=\u00bb{}\u00bb][\/et_pb_image][et_pb_image src=\u00bbhttps:\/\/grupocoba.com.ar\/wp-content\/uploads\/2023\/04\/1-er-aditivoaditivo-nutricional-en-base-a-Glicerol-4.png\u00bb title_text=\u00bb1 er aditivoaditivo nutricional en base a Glicerol (4)\u00bb _builder_version=\u00bb4.20.2&#8243; _module_preset=\u00bbdefault\u00bb transform_scale=\u00bb122%|122%\u00bb positioning=\u00bbabsolute\u00bb vertical_offset=\u00bb257px\u00bb horizontal_offset=\u00bb45px\u00bb width=\u00bb169px\u00bb custom_margin=\u00bb0px||0px||false|false\u00bb custom_padding=\u00bb0px||0px||false|false\u00bb global_colors_info=\u00bb{}\u00bb][\/et_pb_image][\/et_pb_column][\/et_pb_row][\/et_pb_section][et_pb_section fb_built=\u00bb1&#8243; module_id=\u00bbabout\u00bb module_class=\u00bbabout\u00bb _builder_version=\u00bb4.20.2&#8243; _module_preset=\u00bbdefault\u00bb background_color=\u00bb#00a95f\u00bb background_image=\u00bbhttps:\/\/grupocoba.com.ar\/wp-content\/uploads\/2023\/04\/Diseno-sin-titulo-9.jpg\u00bb parallax=\u00bbon\u00bb background_blend=\u00bbluminosity\u00bb min_height_tablet=\u00bb\u00bb min_height_phone=\u00bb\u00bb min_height_last_edited=\u00bbon|phone\u00bb height_tablet=\u00bb\u00bb height_phone=\u00bb\u00bb height_last_edited=\u00bbon|phone\u00bb max_height_tablet=\u00bb\u00bb max_height_phone=\u00bb\u00bb max_height_last_edited=\u00bbon|phone\u00bb animation_style=\u00bbfade\u00bb global_colors_info=\u00bb{}\u00bb][et_pb_row _builder_version=\u00bb4.20.2&#8243; _module_preset=\u00bbdefault\u00bb width=\u00bb70%\u00bb max_width=\u00bb800px\u00bb animation_style=\u00bbslide\u00bb animation_direction=\u00bbbottom\u00bb global_colors_info=\u00bb{}\u00bb][et_pb_column type=\u00bb4_4&#8243; _builder_version=\u00bb4.19.5&#8243; _module_preset=\u00bbdefault\u00bb global_colors_info=\u00bb{}\u00bb][et_pb_text content_tablet=\u00bb<\/p>\n<p>Somos una empresa que <span style=%22color: #f5af31;%22>ama los datos<\/span> y, como tal, utilizamos modelos de inteligencia artificial para ayudar a organizaciones<span style=%22color: #f5af31;%22> a mejorar su rendimiento a partir de la comprensi\u00f3n, an\u00e1lisis y uso de datos.<\/span><\/p>\n<p>\u00bb content_phone=\u00bb<\/p>\n<p><img src=%22https:\/\/grupocoba.com.ar\/wp-content\/uploads\/2023\/04\/1-er-aditivoaditivo-nutricional-en-base-a-Glicerol-7-300x300.png%22 width=%22300%22 height=%22300%22 alt=%22%22 class=%22wp-image-719 alignleft size-medium%22 \/><\/p>\n<\/p>\n<p>%22Nuestro sue\u00f1o era generar un producto que ofreciese una soluci\u00f3n innovadora para la nutrici\u00f3n animal, que aportase valor agregado a la producci\u00f3n agr\u00edcola y que contribuya a la econom\u00eda circular%22 &#8211;<\/p>\n<p>\u00bb content_last_edited=\u00bbon|phone\u00bb _builder_version=\u00bb4.20.2&#8243; _module_preset=\u00bbdefault\u00bb text_font=\u00bbMontserrat|500|||||||\u00bb text_text_color=\u00bb#FFFFFF\u00bb text_font_size=\u00bb25px\u00bb text_line_height=\u00bb1.1em\u00bb text_orientation=\u00bbcenter\u00bb width_tablet=\u00bb\u00bb width_phone=\u00bb96%\u00bb width_last_edited=\u00bbon|phone\u00bb custom_margin_tablet=\u00bb\u00bb custom_margin_phone=\u00bb|0px||0px|false|true\u00bb custom_margin_last_edited=\u00bbon|phone\u00bb custom_padding_tablet=\u00bb\u00bb custom_padding_phone=\u00bb|0px||0px|false|true\u00bb custom_padding_last_edited=\u00bbon|phone\u00bb animation_style=\u00bbfold\u00bb text_font_size_tablet=\u00bb28px\u00bb text_font_size_phone=\u00bb17px\u00bb text_font_size_last_edited=\u00bbon|phone\u00bb text_line_height_tablet=\u00bb1em\u00bb text_line_height_phone=\u00bb1.4em\u00bb text_line_height_last_edited=\u00bbon|phone\u00bb text_orientation_tablet=\u00bbcenter\u00bb text_orientation_phone=\u00bbcenter\u00bb text_orientation_last_edited=\u00bbon|phone\u00bb global_colors_info=\u00bb{}\u00bb]<\/p>\n<p><img loading=\"lazy\" decoding=\"async\" src=\"https:\/\/grupocoba.com.ar\/wp-content\/uploads\/2023\/04\/1-er-aditivoaditivo-nutricional-en-base-a-Glicerol-7-300x300.png\" width=\"271\" height=\"271\" alt=\"\" class=\"wp-image-719 alignleft size-medium\" srcset=\"https:\/\/grupocoba.com.ar\/wp-content\/uploads\/2023\/04\/1-er-aditivoaditivo-nutricional-en-base-a-Glicerol-7-300x300.png 300w, https:\/\/grupocoba.com.ar\/wp-content\/uploads\/2023\/04\/1-er-aditivoaditivo-nutricional-en-base-a-Glicerol-7-150x150.png 150w, https:\/\/grupocoba.com.ar\/wp-content\/uploads\/2023\/04\/1-er-aditivoaditivo-nutricional-en-base-a-Glicerol-7.png 420w\" sizes=\"(max-width: 271px) 100vw, 271px\" \/><\/p>\n<p>\u00abNuestro sue\u00f1o era generar un producto que ofreciese una soluci\u00f3n innovadora para la nutrici\u00f3n animal, que aportase valor agregado a la producci\u00f3n agr\u00edcola y que contribuya a la econom\u00eda circular\u00bb &#8211;<\/p>\n<p>[\/et_pb_text][et_pb_text content_tablet=\u00bb<\/p>\n<p>Somos una empresa que <span style=%22color: #f5af31;%22>ama los datos<\/span> y, como tal, utilizamos modelos de inteligencia artificial para ayudar a organizaciones<span style=%22color: #f5af31;%22> a mejorar su rendimiento a partir de la comprensi\u00f3n, an\u00e1lisis y uso de datos.<\/span><\/p>\n<p>\u00bb content_phone=\u00bb<\/p>\n<p style=%22text-align: center;%22>Mariano Real, Mar\u00eda Virginia Falco, Yamila Calder\u00f3n y Mariano Storani. Socios Fundadores de Grupo Coba Energ\u00eda<\/p>\n<p>\u00bb content_last_edited=\u00bbon|phone\u00bb _builder_version=\u00bb4.20.2&#8243; _module_preset=\u00bbdefault\u00bb text_font=\u00bbMontserrat||||||||\u00bb text_text_color=\u00bb#FFFFFF\u00bb text_font_size=\u00bb18px\u00bb text_line_height=\u00bb1.2em\u00bb text_orientation=\u00bbright\u00bb width=\u00bb68%\u00bb width_tablet=\u00bb\u00bb width_phone=\u00bb96%\u00bb width_last_edited=\u00bbon|phone\u00bb module_alignment=\u00bbright\u00bb animation_style=\u00bbfade\u00bb text_font_size_tablet=\u00bb28px\u00bb text_font_size_phone=\u00bb17px\u00bb text_font_size_last_edited=\u00bbon|phone\u00bb text_line_height_tablet=\u00bb1em\u00bb text_line_height_phone=\u00bb1.4em\u00bb text_line_height_last_edited=\u00bbon|phone\u00bb text_orientation_tablet=\u00bbcenter\u00bb text_orientation_phone=\u00bbcenter\u00bb text_orientation_last_edited=\u00bbon|phone\u00bb global_colors_info=\u00bb{}\u00bb]<\/p>\n<p style=\"text-align: center;\">Mariano Real, Mar\u00eda Virginia Falco, Yamila Calder\u00f3n y Mariano Storani. Socios Fundadores de Grupo Coba Energ\u00eda<\/p>\n<p>[\/et_pb_text][\/et_pb_column][\/et_pb_row][\/et_pb_section][et_pb_section fb_built=\u00bb1&#8243; _builder_version=\u00bb4.20.2&#8243; _module_preset=\u00bbdefault\u00bb global_colors_info=\u00bb{}\u00bb][et_pb_row column_structure=\u00bb1_2,1_2&#8243; use_custom_gutter=\u00bbon\u00bb gutter_width=\u00bb1&#8243; _builder_version=\u00bb4.20.2&#8243; _module_preset=\u00bbdefault\u00bb width=\u00bb90%\u00bb max_width=\u00bb1176px\u00bb overflow-x=\u00bbhidden\u00bb overflow-y=\u00bbhidden\u00bb custom_margin=\u00bb0px||0px||false|false\u00bb custom_padding=\u00bb0px||0px||false|false\u00bb global_colors_info=\u00bb{}\u00bb][et_pb_column type=\u00bb1_2&#8243; _builder_version=\u00bb4.20.2&#8243; _module_preset=\u00bbdefault\u00bb animation_style=\u00bbfade\u00bb animation_direction=\u00bbleft\u00bb animation_duration=\u00bb800ms\u00bb animation_delay=\u00bb500ms\u00bb animation_speed_curve=\u00bbease\u00bb global_colors_info=\u00bb{}\u00bb][et_pb_image src=\u00bbhttps:\/\/grupocoba.com.ar\/wp-content\/uploads\/2023\/04\/1-er-aditivoaditivo-nutricional-en-base-a-Glicerol-2.png\u00bb title_text=\u00bb1 er aditivoaditivo nutricional en base a Glicerol (2)\u00bb _builder_version=\u00bb4.20.2&#8243; _module_preset=\u00bbdefault\u00bb max_width=\u00bb470px\u00bb custom_margin=\u00bb17px||0px||false|false\u00bb custom_padding=\u00bb0px||0px||false|false\u00bb border_radii=\u00bbon|40px|40px|40px|40px\u00bb global_colors_info=\u00bb{}\u00bb][\/et_pb_image][et_pb_image src=\u00bbhttps:\/\/grupocoba.com.ar\/wp-content\/uploads\/2023\/04\/1-er-aditivoaditivo-nutricional-en-base-a-Glicerol-5.png\u00bb title_text=\u00bb1 er aditivoaditivo nutricional en base a Glicerol (5)\u00bb _builder_version=\u00bb4.20.2&#8243; _module_preset=\u00bbdefault\u00bb width=\u00bb65%\u00bb max_width=\u00bb369px\u00bb custom_margin=\u00bb-189px||0px|86px|false|false\u00bb custom_padding=\u00bb0px||0px||false|false\u00bb border_radii=\u00bbon|40px|40px|40px|40px\u00bb global_colors_info=\u00bb{}\u00bb][\/et_pb_image][\/et_pb_column][et_pb_column type=\u00bb1_2&#8243; _builder_version=\u00bb4.20.2&#8243; _module_preset=\u00bbdefault\u00bb custom_padding=\u00bb|0px||12px|false|false\u00bb custom_padding_tablet=\u00bb|0px||0px|false|false\u00bb custom_padding_phone=\u00bb|0px||0px|false|false\u00bb custom_padding_last_edited=\u00bbon|tablet\u00bb animation_style=\u00bbfold\u00bb animation_direction=\u00bbleft\u00bb animation_duration=\u00bb400ms\u00bb animation_delay=\u00bb750ms\u00bb animation_speed_curve=\u00bbease\u00bb global_colors_info=\u00bb{}\u00bb][et_pb_text _builder_version=\u00bb4.20.2&#8243; _module_preset=\u00bbdefault\u00bb header_5_font=\u00bbMontserrat|600|||||||\u00bb header_5_text_align=\u00bbleft\u00bb header_5_text_color=\u00bb#2cae76&#8243; header_5_font_size=\u00bb19px\u00bb custom_margin=\u00bb38px||2px||false|false\u00bb custom_margin_tablet=\u00bb70px||2px||false|false\u00bb custom_margin_phone=\u00bb40px||||false|false\u00bb custom_margin_last_edited=\u00bbon|tablet\u00bb custom_padding=\u00bb0px||0px||false|false\u00bb global_colors_info=\u00bb{}\u00bb]<\/p>\n<h5>Empresas del futuro<\/h5>\n<p>[\/et_pb_text][et_pb_text _builder_version=\u00bb4.20.2&#8243; _module_preset=\u00bbdefault\u00bb header_2_font=\u00bbMontserrat|700|||||||\u00bb header_2_text_align=\u00bbleft\u00bb header_2_text_color=\u00bb#03041c\u00bb header_2_font_size=\u00bb49px\u00bb header_2_line_height=\u00bb1.3em\u00bb custom_margin=\u00bb-14px||12px||false|false\u00bb custom_padding=\u00bb0px||0px||false|false\u00bb header_2_font_size_tablet=\u00bb51px\u00bb header_2_font_size_phone=\u00bb30px\u00bb header_2_font_size_last_edited=\u00bbon|phone\u00bb global_colors_info=\u00bb{}\u00bb]<\/p>\n<h2><span style=\"color: #0d3c00;\">Sin techo<\/span><\/h2>\n<p>[\/et_pb_text][et_pb_code disabled_on=\u00bbon|on|off\u00bb admin_label=\u00bbSVG\u00bb _builder_version=\u00bb4.20.4&#8243; _module_preset=\u00bbdefault\u00bb positioning=\u00bbabsolute\u00bb vertical_offset=\u00bb181px\u00bb horizontal_offset=\u00bb302px\u00bb z_index=\u00bb-1&#8243; max_width=\u00bb213px\u00bb custom_margin=\u00bb0px||0px||false|false\u00bb custom_padding=\u00bb0px||0px||false|false\u00bb global_colors_info=\u00bb{}\u00bb]<svg width=\"203\" height=\"22\" viewBox=\"0 0 240 22\" fill=\"none\"><path class=\"wow\" fill-rule=\"evenodd\" clip-rule=\"evenodd\" d=\"M0.440833 21.1152C78.9497 6.16225 158.05 4.53412 235.949 13.8239C237.497 14.0088 239.796 12.4065 239.988 9.93474C240.181 7.4176 238.026 5.44088 236.474 5.2332C157.99 -5.31675 79.1936 0.359501 0.316568 19.7785C-0.184784 19.9023 -0.0511379 21.2092 0.440833 21.1152Z\" fill=\"#ffc062\"><\/path><\/svg>[\/et_pb_code][et_pb_text _builder_version=\u00bb4.20.2&#8243; _module_preset=\u00bbdefault\u00bb text_font=\u00bbMontserrat||||||||\u00bb text_text_color=\u00bb#525258&#8243; text_font_size=\u00bb18px\u00bb text_line_height=\u00bb1.3em\u00bb max_width=\u00bb527px\u00bb max_width_tablet=\u00bb100%\u00bb max_width_phone=\u00bb100%\u00bb max_width_last_edited=\u00bbon|tablet\u00bb custom_margin=\u00bb0px||37px||false|false\u00bb custom_padding=\u00bb0px|60px|0px||false|false\u00bb text_font_size_tablet=\u00bb21px\u00bb text_font_size_phone=\u00bb19px\u00bb text_font_size_last_edited=\u00bbon|phone\u00bb global_colors_info=\u00bb{}\u00bb]<\/p>\n<p>Para <strong>Coba<\/strong> <strong>energ\u00eda<\/strong> el desaf\u00edo de la econom\u00eda circular no se detiene ya que ha sumado a su aditivo nutricional la l\u00ednea de Bioinsumos tambi\u00e9n con base en el aceite de soja y\u00a0 biodisel.<\/p>\n<p>[\/et_pb_text][et_pb_blurb title=\u00bbObjetivo\u00bb image=\u00bbhttps:\/\/grupocoba.com.ar\/wp-content\/uploads\/2023\/04\/startup-4-apn-2.png\u00bb icon_placement=\u00bbleft\u00bb image_icon_width=\u00bb44px\u00bb _builder_version=\u00bb4.20.2&#8243; _module_preset=\u00bbdefault\u00bb header_font=\u00bbMontserrat|700|||||||\u00bb header_text_align=\u00bbleft\u00bb header_text_color=\u00bb#0d3c00&#8243; header_font_size=\u00bb23px\u00bb header_line_height=\u00bb1.2em\u00bb body_font=\u00bbMontserrat||||||||\u00bb body_text_align=\u00bbleft\u00bb body_text_color=\u00bb#525258&#8243; body_font_size=\u00bb17px\u00bb body_line_height=\u00bb1.3em\u00bb image_icon_custom_margin=\u00bb0px||0px||false|false\u00bb image_icon_custom_padding=\u00bb0px||0px||false|false\u00bb max_width=\u00bb376px\u00bb custom_margin=\u00bb0px||32px||false|false\u00bb custom_padding=\u00bb0px||0px||false|false\u00bb animation=\u00bboff\u00bb header_font_size_tablet=\u00bb23px\u00bb header_font_size_phone=\u00bb21px\u00bb header_font_size_last_edited=\u00bbon|phone\u00bb custom_css_blurb_title=\u00bbmargin-bottom:-1px;||margin-top:2px;\u00bb custom_css_blurb_content=\u00bbmargin:0px;\u00bb global_colors_info=\u00bb{}\u00bb]<\/p>\n<p>Contribuir con el desarrollo e innovaci\u00f3n en la agroindustria.<\/p>\n<p>[\/et_pb_blurb][et_pb_blurb title=\u00bbCompromiso\u00bb image=\u00bbhttps:\/\/grupocoba.com.ar\/wp-content\/uploads\/2023\/04\/startup-4-apn-1.png\u00bb icon_placement=\u00bbleft\u00bb image_icon_width=\u00bb44px\u00bb _builder_version=\u00bb4.20.2&#8243; _module_preset=\u00bbdefault\u00bb header_font=\u00bbMontserrat|700|||||||\u00bb header_text_align=\u00bbleft\u00bb header_text_color=\u00bb#0d3c00&#8243; header_font_size=\u00bb23px\u00bb header_line_height=\u00bb1.2em\u00bb body_font=\u00bbMontserrat||||||||\u00bb body_text_align=\u00bbleft\u00bb body_text_color=\u00bb#525258&#8243; body_font_size=\u00bb17px\u00bb body_line_height=\u00bb1.3em\u00bb image_icon_custom_margin=\u00bb0px||0px||false|false\u00bb image_icon_custom_padding=\u00bb0px||0px||false|false\u00bb max_width=\u00bb376px\u00bb custom_margin=\u00bb0px||32px||false|false\u00bb custom_padding=\u00bb0px||0px||false|false\u00bb animation=\u00bboff\u00bb header_font_size_tablet=\u00bb23px\u00bb header_font_size_phone=\u00bb21px\u00bb header_font_size_last_edited=\u00bbon|phone\u00bb custom_css_blurb_title=\u00bbmargin-bottom:-1px;||margin-top:2px;\u00bb custom_css_blurb_content=\u00bbmargin:0px;\u00bb global_colors_info=\u00bb{}\u00bb]<\/p>\n<p>Crear productos innovadores para lograr la mejor performance productiva del campo argentino al menor costo para el productor.<\/p>\n<p>[\/et_pb_blurb][\/et_pb_column][\/et_pb_row][\/et_pb_section]<\/p>\n","protected":false},"excerpt":{"rendered":"<p>COBA energ\u00eda Nacidos\u00a0 de una idea\u00a0 Productos \u00fanicos en el mundoCoba energ\u00eda nace en el a\u00f1o 2020, mientras transitabamos la pandem\u00eda del Coronavirus. Alli desde Villa Mar\u00eda, con la experiencia en el mundo de la ganader\u00eda,\u00a0 comenzamos a pensar c\u00f3mo innovar en la alimentaci\u00f3n para los animales. Con este deseo y muchas ideas se di\u00f3 [&hellip;]<\/p>\n","protected":false},"author":2,"featured_media":0,"parent":0,"menu_order":0,"comment_status":"closed","ping_status":"closed","template":"","meta":{"_et_pb_use_builder":"on","_et_pb_old_content":"<!-- wp:divi\/placeholder \/-->","_et_gb_content_width":"","_joinchat":[],"footnotes":""},"class_list":["post-94","page","type-page","status-publish","hentry"],"_links":{"self":[{"href":"https:\/\/grupocoba.com.ar\/index.php\/wp-json\/wp\/v2\/pages\/94","targetHints":{"allow":["GET"]}}],"collection":[{"href":"https:\/\/grupocoba.com.ar\/index.php\/wp-json\/wp\/v2\/pages"}],"about":[{"href":"https:\/\/grupocoba.com.ar\/index.php\/wp-json\/wp\/v2\/types\/page"}],"author":[{"embeddable":true,"href":"https:\/\/grupocoba.com.ar\/index.php\/wp-json\/wp\/v2\/users\/2"}],"replies":[{"embeddable":true,"href":"https:\/\/grupocoba.com.ar\/index.php\/wp-json\/wp\/v2\/comments?post=94"}],"version-history":[{"count":32,"href":"https:\/\/grupocoba.com.ar\/index.php\/wp-json\/wp\/v2\/pages\/94\/revisions"}],"predecessor-version":[{"id":838,"href":"https:\/\/grupocoba.com.ar\/index.php\/wp-json\/wp\/v2\/pages\/94\/revisions\/838"}],"wp:attachment":[{"href":"https:\/\/grupocoba.com.ar\/index.php\/wp-json\/wp\/v2\/media?parent=94"}],"curies":[{"name":"wp","href":"https:\/\/api.w.org\/{rel}","templated":true}]}}